 2184. Is a a composite number?
False
Suppose 0 = 4*a + 3*i - 11105, -4*i + 8*i = -3*a + 8327. Is a a composite number?
False
Let r be (2 + -3)*(-8 - -6). Let i = 3381 + -1904. Suppose 0 = -r*z + i + 1641. Is z composite?
False
Let s(j) = -j**2. Let x(w) = -73*w**2 - 2*w - 2. Let n(d) = 6*s(d) - x(d). Is n(-1) prime?
True
Let n = -129 + 129. Suppose n = 13*g - 24 - 1809. Is g a prime number?
False
Let q be (21/28)/(6/32). Suppose 5*u + 1403 = 4*g, q*g - u - 1376 = -5*u. Is g composite?
False
Suppose -3*x - 3*x + 39180 = 0. Let h = -2397 + x. Is h composite?
False
Let p(z) be the second derivative of 4*z**3/3 - 7*z**2/2 + z. Let w = 6 + 7. Is p(w) prime?
True
Suppose 4*d - 3*g - 1 = 12, -3*d + 4*g = -8. Suppose -12 = -d*p - 4*u, 12 = 4*p + u - 3. Suppose -488 = -p*k + 396. Is k prime?
False
Let c = -12789 + 30046. Is c a composite number?
False
Suppose 0 = 23*b - 20*b. Suppose -2*h + 4*j + 730 = b, 0 = -5*h - j + 195 + 1663. Is h prime?
False
Suppose 4*n - 1288 = v, 322 = n + v - 3*v. Let b be 10962/81*6/4*-1. Let w = n + b. Is w prime?
False
Let s be 2360/5 + (4 - 2). Suppose 3*x = -3*w + s, 2*w + 3*w + 152 = x. Is x prime?
True
Suppose 1 = p, 2*o - 22675 = 2*p + 2311. Is o composite?
True
Let k(w) = -2*w**2 - 8*w - 2. Let n be k(-3). Suppose -n*r + 1170 = -3*i, -5*r = -2*i + i - 1457. Is r a prime number?
False
Let c = 20 + -6. Suppose -7*y = -c*y + 994. Is y a composite number?
True
Is (((-195)/26)/15)/(2/(-11092)) prime?
False
Let n = -1386 + -296. Let d = -1047 - n. Is d prime?
False
Let k = 38 - 35. Suppose 4*v = 2*g - 1742, -k*g + 2619 = -6*v + 2*v. Is g prime?
True
Let h = 349 - -438. Is h a prime number?
True
Let b = 30648 + -20101. Is b a composite number?
True
Suppose -10 - 10 = -4*f, -3*p + 3*f = -15. Suppose p = 5*a - 5. Suppose a*w = -0*w + 639. Is w a composite number?
True
Let a(l) = 7*l**3 - 6*l**2 + 3*l + 3. Let m(k) = -k + 9*k - 4*k. Let y be m(1). Is a(y) composite?
False
Suppose 5333 + 9517 = 5*l. Is l/8 + -2 + 14/8 a prime number?
False
Let q = -18 + 11. Let m = q - -66. Is m composite?
False
Is (-12)/6 + 1 + 2922 a composite number?
True
Let d be (26 + 0)/(-5 - 171/(-34)). Let l = d + -253. Is l a prime number?
True
Is (118454 - -6)/(-4)*-1 a prime number?
False
Let b = -383 - -285. Suppose -5*p = -0*p + 705. Let v = b - p. Is v a prime number?
True
Is (-36)/84 - (-48498)/21 a composite number?
False
Suppose -4*g + 5*g - 1772 = 0. Let l = g + -895. Is l a prime number?
True
Suppose 0 = -10*a + 6*a + 8. Suppose 0*t + 2222 = a*t + 5*p, 0 = 3*p + 12. Is t composite?
True
Suppose 4*t = 16, 0*s - 2*s = -2*t + 518. Let d = 446 + s. Is d composite?
False
Let o be (-3)/(-9) - (-15)/9. Suppose -o*w = 2*w - 1292. Is w composite?
True
Suppose -h = -3*k - 160, k + 786 = -h + 6*h. Is h a composite number?
False
Let d(p) = p**3 + 25*p**2 + 14*p + 19. Let l be d(-13). Suppose 45*t - l = 40*t. Is t a prime number?
True
Suppose 0 = 13*f - 40940 - 135353. Is f a composite number?
True
Let r(n) = n**3 - n**2 - 1. Let p(u) = 2*u**3 + 2*u**2 + 4*u + 2. Let a(o) = p(o) - r(o). Let b be a(-4). Let i = 50 + b. Is i prime?
False
Let n be (152 + -1)*18/6. Let a be (-6)/(-8) + (-2900)/(-16). Let p = a + n. Is p composite?
True
Let v(o) = -982*o - 3. Let b be v(-2). Let z = -288 + b. Is z a prime number?
False
Let d(z) = -z**2 - 7*z + 29. Let k be d(-10). Is (4241/(-9))/k - 14/63 a composite number?
True
Let p(j) = 7*j - 2*j - 12*j**3 - 4 - 5*j**2 + 13*j**3. Let v be p(4). Suppose -u + 4*k + 0*k + 179 = v, -u + 191 = 2*k. Is u a prime number?
False
Suppose 0 = -6*y + 34 - 40. Is (-1190)/(-7)*y/(-2) composite?
True
Let i = -12 + 11. Is i + 4 - 8/(-2)*28 composite?
True
Suppose t = 3*y + 2534, 0*y = 4*t + 5*y - 10102. Let u = -1143 + t. Is u a composite number?
True
Suppose -2*w + 170 = 5*q, -3*q + 8*q + w = 175. Let p = 1105 + q. Is p a composite number?
True
Suppose p = 4*p - 288. Suppose 140 = -y + 5*a, 3*a = -3*y - p - 270. Let r = y + 204. Is r prime?
True
Let r be -4*((-3)/(-4))/(-1). Suppose -5*k - r = 3*n, k + k - 4 = 4*n. Suppose k = v - 6*v + 955. Is v prime?
True
Suppose -2*s - 35 = -2*j + 3*s, 20 = 2*j - 2*s. Suppose -3*y - 103 = 3*k - 34, j*k = y - 133. Let z = 60 + k. Is z a prime number?
False
Let g = 2563 - 4289. Let l = g - -3185. Is l prime?
True
Suppose 3389 = 17*u + 142. Is u composite?
False
Let v be 4*1/((-6)/(-9)). Is -3 + v + -3 + 211 a composite number?
False
Let q = -5 - -9. Suppose 4*z = 2*p + 1180, q*z + 5*p - 1691 + 539 = 0. Is z a prime number?
True
Suppose k + 5*a - 54 = 0, 6 = -0*a - 3*a. Let p = -7 + k. Let h = 26 + p. Is h a prime number?
True
Let z(u) be the third derivative of 19*u**7/1680 + u**6/72 - u**5/12 - 2*u**2. Let r(k) be the third derivative of z(k). Is r(5) prime?
False
Let m = 11460 - -5269. Is m composite?
False
Let d(b) = -b**2 - 15*b + 6. Let w(x) = -2*x**2 - 31*x + 12. Let m(s) = -7*d(s) + 3*w(s). Let j be m(-13). Suppose j*g - 120 - 363 = 0. Is g a composite number?
True
Is ((-9219)/9)/(13/(-39)) a composite number?
True
Let l(t) = -13*t**3 - 5*t - 9. Is l(-5) a prime number?
False
Let k(n) = 60*n + 19. Let c be k(-11). Let q = c - -331. Let x = 597 + q. Is x prime?
False
Suppose 3*x - 45 = -0*x. Suppose x*u + 6209 = 22*u. Is u prime?
True
Suppose -115*z = -45*z - 1369270. Is z a prime number?
False
Let q(s) = 683*s + 140. Is q(3) prime?
False
Suppose y + 2*m - 1 = 0, -18 = -5*y - 0*m + 3*m. Suppose 6 = 2*x + 3*z + 17, x = -y*z - 13. Is 1 - (x + 0 - 23) a prime number?
False
Let u be -1 - -4 - 50/(-10). Let i(o) = o**3 - 3*o**2 + 13*o + 15. Is i(u) a composite number?
False
Let j(r) be the third derivative of 23*r**5/60 - r**3/3 - 117*r**2. Let s be (2 - 1 - 3) + -1. Is j(s) a prime number?
False
Let s = -277 + 483. Suppose -s + 761 = 15*k. Is k composite?
False
Suppose -27345 = -6*f + 17541. Let o = f - 4110. Is o prime?
True
Suppose -s + 10862 = 5*q, 3*s = -6*q + 3*q + 6510. Is q prime?
False
Is (-8)/(-24) - (-232360)/15 a composite number?
True
Let d = 8509 + -3342. Is d composite?
False
Suppose -3*x - 2*z = 0, -3*x - 2*x - 2*z + 4 = 0. Let r(f) = 3*f - 2 + 107*f + 0 - 1. Is r(x) composite?
True
Is (2 - 1)*(-5 - -9*3098) a prime number?
False
Let h(r) = 89*r + 24943. Is h(0) prime?
True
Let f be (-1)/4 + 54/(-8). Let s be 1/(-3 + (-22)/f). Is s/21 + 98/3 a composite number?
True
Let d(z) = z**2 + 7*z - 6. Let q be d(-8). Suppose -q*t = -7*t + 705. Let r = t - 88. Is r composite?
False
Suppose 2*o = -o. Suppose -p + 3*p = o. Suppose p = 3*s - 540 - 69. Is s a prime number?
False
Let n = 172532 - 42547. Is n prime?
False
Let q(m) = m**3 - 14*m**2 + 12*m + 4. Let n be q(13). Let t(b) = 11*b**2 - 21*b + 7. Is t(n) a prime number?
True
Suppose -2*u = -30*u + 31332. Is u prime?
False
Let g(w) = 3*w**3 - 9*w**2 + 10*w - 9. Is g(7) prime?
False
Suppose -g + 58208 = 5*a, -4*a - g = -9*a + 58212. Is a composite?
True
Let a = -3958 + 15327. Is a composite?
False
Let w be 308/55 - (-2)/5. Let z(t) = 3*t**2 + 3*t + 1. Is z(w) prime?
True
Suppose -17*j = -191994 + 64511. Is j prime?
True
Let a be (0 + -4)/(24/180). Let k be (-12)/a + (-42)/5. Let g(s) = 18*s**2 + 10*s - 11. Is g(k) a composite number?
False
Suppose 37 = -2*y - s, -6*y + 78 = -9*y + 3*s. Is ((5992/y)/(-8))/(1/9) composite?
True
Suppose 5*b + 83 = 78. Is (5 - (b - -3)) + 2178 prime?
False
Let r(c) = 1863*c + 2. Let g be (1/2)/((-8)/(-16)). Let y be r(g). Let j = -1192 + y. Is j prime?
True
Suppose -3*b = -5*b - z + 8422, -b + z = -4211. Is b prime?
True
Suppose 3*s - 582 = -3. Suppose 0 = -5*n + 5, -2*n + 122 = -3*m + 48. Let c = s - m. Is c a composite number?
True
Let q(r) = -2*r**2 - 19*r - 15. Let t be q(-12). Let p = t + 9. Let y = 157 + p. Is y prime?
False
Suppose -219*v = -222*v + 10077. Is v a prime number?
True
Suppose 16*l - 28 = 14*l. Is -3 - (-80)/28 - (-79368)/l a composite number?
False
Let m be (-100)/(-2)*21/14. Suppose -k = m - 503. Suppose -k = -5*g + 7. Is g composite?
True
Let k(u) = u - 3. Let d be k(2). Is (-20)/(-16) + d + (-4603)/(-4) a prime number?
True
Let h(x) = -3*x**3 - 5*x**2 + 5*x + 2. Is h(-9) prime?
False
Suppose -3*i + 2657 = -12*f + 13*f, -3*f - i = -7971. Is f prime?
True
Suppose -4*l = 4*s - 9*l - 8, 0 = 3*l. Let p(i) = -2*i - 6. Let k(z) = z - 1. Let u(d) = 5*k(d) - p(d). Is u(s) prime?
False
Suppose 